 + -3 + 0.
-12
Calculate 13 + (-17 + 7 + 4 - (28 + -8)).
-13
What is (131 - 73) + -4 + -46?
8
What is the value of 3 + -17 + (6 - 0) - (-22 + 0 - -1)?
13
Evaluate -36 - -121 - (203 - 42).
-76
What is -63 - (-25 + 64 - 44)?
-58
(-23 - -30 - (7 - ((7 - 10) + -9))) + 19
7
-4 + 40 - (-98 - -91)
43
Evaluate 4 + 9 + -1 + (7 + -16 - -13) + 13.
29
Evaluate (103 - 51) + -159 + 31 - (15 - (-1 - -2)).
-90
What is the value of 2 - 0 - (7 + (5 + 60 - (12 + 0)))?
-58
Evaluate 157 + (-107 - (-138 - -77)).
111
Calculate 23 + (69 - 31) + 24 + 1 + -3.
83
Evaluate 0 - -1 - ((-19 - -9 - 10) + 10).
11
(-65 - -167 - 77) + 37 + -7
55
Evaluate 22 + -1 + (28 + -24 + -38 - -68).
55
Calculate 0 + 44 + -30 + 24 - (-4 + 19).
23
What is (45 - 44) + (4 - (-11 + 23) - -82)?
75
-112 + 211 + (-3 - 82)
14
Evaluate 1 + 16 + -62 + -18 + 38.
-25
What is the value of 60 - (-61 - -115 - -7)?
-1
What is -114 + (-210 - -259 - (62 + -2))?
-125
What is the value of 94 + -20 + 18 - 21?
71
Evaluate (34 - 12) + -11 + 4 + -12.
3
Evaluate (55 - 173) + 160 - (80 - -1).
-39
14 - 73 - -22 - (-208 + 64)
107
33 - -28 - -26 - 20
67
Calculate (-24 - (-55 - -24)) + -54.
-47
Evaluate (-48 - (16 + -41)) + 47.
24
What is 25 + (-10 - -3) + 10 + (-6 - 5)?
17
What is the value of (37 - 146) + 91 + 53?
35
What is 42 + -45 + 14 + (1 - -10)?
22
What is the value of (-4441 - -4438) + (0 - -1 - -2) + 47?
47
What is the value of -7 - (-4 + (2 - 6) + -5)?
6
What is 117 + -120 + (8 - (5 + -4))?
4
Calculate (-55 - -23 - -15) + (5 + -3 - 1).
-16
What is -15 + -1 + -18 + 16 - -47?
29
What is (2 + -46 - 0) + (1 + -5 - (-1924 - -1924))?
-48
-193 - -172 - (-3 + -69)
51
What is (14 - 5) + -21 + -6 + -2?
-20
What is (-33 - 46) + 76 + (-2 - 18)?
-23
Evaluate -4 - (52 - 8) - ((10 - -19) + -12).
-65
What is -3 + (-18 - (27 + -16 - 68))?
36
9 - (3 + 12) - (-5 - 2 - -7)
-6
What is the value of -1823 + 1763 - (-27 - -1)?
-34
What is (-7 - (-2 - -7)) + -27 + -8 + 47?
0
159 - ((64 - 8 - 27) + 10)
120
Evaluate 1 + -32 + 9 + (-6 - -3 - 8) - -6.
-27
Evaluate (12 + -42 - -33) + (-58 - -8 - 8).
-55
-1 + 12 + 14 + (1 - (18 + -32 + 17))
23
What is 86 + 43 + -65 + -47?
17
What is the value of 34 + -13 - 44 - -41?
18
What is the value of 14 + (2 + 2 - 4) - (73 + -45)?
-14
Evaluate 8 + (0 - 2 - -1) - (-110 - -120).
-3
Calculate 4 + (6 - (22 - (4 - (-8 + -14 + 17)))).
-3
What is the value of (-74 - -1) + -1766 + 1737 + 45 + -1?
-58
9 - ((-19 - -25) + (-4 + -4 - 0))
11
What is the value of (75 - 89) + (0 - -4 - -72 - -8)?
70
-10 + -5 + -48 + (19 - 29) + 5 + 3
-65
What is 6 + -3 + 91 + (39 + 1 + -7 - 37)?
90
Evaluate 12 + (7 - (1 - 3 - (-3 + 30 + -22))).
26
What is the value of -64 + (47 + 13 - 27)?
-31
Calculate 85 - (25 + (-39 + 2 - -3)).
94
Calculate 133 - 91 - (-6 + 8 + -1 + 13).
28
Evaluate (-187 - -111) + 52 - (9 - -2).
-35
(238 - 209) + (-51 - 15)
-37
What is -86 + 85 - 19 - 41?
-61
What is -11 + (-47 + 56 - (14 - -1)) + -29?
-46
What is the value of (83 - (33 - -106)) + 59?
3
32 - ((81 - 16) + -11 - 14)
-8
Calculate -3 + (8 - 1) + (35 - (34 - 19)) + 7.
31
(-39 + 36 + -16 - -11) + (2 - (-2 + -66))
62
Calculate (-1 + 4 - 3) + 1211 + -1216 - 67.
-72
6 + 2 + (5 + -1 - 3) - 17
-8
What is the value of -37 + -2 + -166 + (130 - -152)?
77
Evaluate (-1 - -1) + 6 - (-78 + (140 - 61)).
5
Calculate (523 - 533) + (-28 - 4 - 3).
-45
9 + 4 + (-37 - -32) - (-47 - -7)
48
66 - (16 + 23 - 17)
44
Calculate 12 - (-1 + (-5 - -14) + -45).
49
Evaluate (-10 - 2 - -1) + (-54 - (-11 - 7) - -6).
-41
What is (-30 - -119) + -107 + 5 + 0?
-13
Evaluate 125 - ((-10 - (-5 - (17 + -2))) + -14).
129
Evaluate 181 + -142 - (6 + 15).
18
8 + (7 - (1 - -10)) + -3 - 1
0
What is the value of 0 + 3 + (-4 - (-22 + (-1 - -14))) + -21?
-13
What is 3 + 3 - ((-46 - -26) + (1 - (4 + -11)))?
18
Evaluate -24 + (-34 - -120) + -49.
13
Calculate -57 + (-22 - (0 - -2 - (-35 + 47))).
-69
What is the value of -4 + -25 - (21 + -83) - -4?
37
Calculate 43 - -3 - 48 - -86.
84
What is the value of (1 - 1 - -8) + (-25 - -4 - -58)?
45
Calculate -7 + (24 - 41) - -27 - -12.
15
What is (5 - 6) + 1 + 13 + -30 + 6?
-11
What is -52 + (-1 - -55 - -37)?
39
722 + -634 + -51 + -7
30
Evaluate 50 + 5 + (-20 - 11) + 33.
57
Evaluate (-9 - -1) + 3 + (29 - 121).
-97
(-65 - -34 - 18) + 33
-16
Calculate (1 - -31) + -2 + 2 + (258 - (-25 + 274)).
41
Calculate (-5904 - -5940) + (2 - 129).
-91
Evaluate 81 - (2 + (-6 - -13 - ((-6 - -13) + -6))).
73
Calculate 79 - (-42 + 106 + 139).
-124
What is the value of 48 + -70 + 50 + 0?
28
What is the value of 21 + (-28 - -47 - 3) + -5?
32
Evaluate (-227 - -122) + (-101 - -192).
-14
What is the value of -13 + 8 + (-20 - -20) + -31?
-36
What is -1639 + 1635 - (-1 + (-2 - 0 - -5))?
-6
Calculate 5 + -10 + (25 - 12 - 1) + -55.
-48
(625 - 652) + 36 + 1 + -7
3
Calculate -1 - ((14 + 1 - (-107 - -120)) + 56).
-59
What is -8 + (5 - (-10 - -36)) + 55?
26
Calculate 28 + (4 - 17) - ((-4 - (-8 + 11)) + 3).
19
Calculate -16 + 7 + 35 - (7 + -8 + -7).
34
What is the value of -87 + (-26 - -92) - -22?
1
Evaluate -8 + 28 - (-63 + -2 + -101 + 94).
92
Evaluate -42 + 38 + (60 - 13).
43
Evaluate 16 - ((-9 - -17) + (-20 - 16 - 2)).
46
What is the value of -190 - -74 - -114 - (-1 + 57 + 0)?
-58
What is 141 + (-24 - 3 - -14 - 10)?
118
What is the value of (8 - 2) + 4 - (12 + (-21 - -13))?
6
Evaluate 76 + (15 - (-31 - -64)).
58
1 + 11 + (63 - (25 - -18)) + -41
-9
Calculate 33 + (15 - 18 - (1 + 1)) + 68 + -69.
27
Evaluate 47 + 15 + -57 - 61.
-56
What is the value of 2818 - 2844 - (1 + -37)?
10
Calculate 37 + (-4 - -9) + -9 - (17 - (41 - 9)).
48
-7 - ((-1 - (0 + 2)) + -13 + -15)
24
What is the value of (0 - -4) + (59 - 75) + 12 - (-2 - -66)?
-64
48 - (29 - (-91 + 24))
-48
6 - (58 + 1 + (-259 - -257))
-51
-614 + 627 + -2 + 2 + -1 + 7
19
What is -43 - 30 - -86 - (9 - 0)?
4
Evaluate -49 + -1 + 12 + -4 + -8 + 2 + 2.
-46
12 + 78 + 2 + -111
-19
-3 - -28 - 27 - -16 - (-30 + -2)
46
Calculate -30 - (-4 + 17 - (-32 - -35)).
-40
(-187 - -182) + (0 - (-43 + -3) - -4)
45
Calculate 1 - ((55 - 45 - (-1 - -86)) + 2).
74
What is the value of (-239 - -237) + (-10 - -8)?
-4
Evaluate -10 - (-8 + (22 - 64 - (2 + 4 + -4))).
42
What is the value of -1 + (19 - (6 + -3)) - (-28 + (17 - -2))?
24
Evaluate -38 + (110 - (132 - 46)).
-14
What is 118 + (-288 + 144 - 21)?
-47
What is -50 - (-3 + 27 + -13 + -27 + 14 - -4)?
-52
What is the value of (44 - 54) + (-6 - (-13 - (-5 + -2)))?
-10
Calculate -32 - -31 - -8 - 2.
5
Evaluate 26 + -26 + 29 + 38 - 27.
40
Evaluate 9 + 20 + -48 + 36 + 38.
55
Calculate -39 + -2 + -42 + 70.
-13
Calculate 22 - (-14 - (-48 + 54)).
42
Evaluate -1 - -12 - (242 + -240).
9
Evaluate -5 + -7 + 2 + (-7 - -12) - -31 - 6.
20
What is -33 - -24 - (11 - 2) - -19 - 118?
-117
5 - -35 - (140 + -84 - -118)
-134
(0 + -7 - -1) + (43 - ((33 - 60) + 46))
18
(11 - (0 - -2)) + (-37 - -25) + 3
0
Evaluate (-7 - (2 + 4)) + (-8 - 0 - (-126 - -112)).
-7
Evaluate 198 - (29 - -138 - 97).
128
What is the value of 14 + 1 - (-25 + (13 - 14 - 12 - -23))?
30
Evaluate 89 + -187 + -14 + 104.
-8
-6 + -5 + -19 + 49 + 2
21
What is -4 + -22 - (17 + (-14 - (2 + 12)))?
-15
130 - (-53 + 135 - -78)
-30
Evaluate (79 - 45) + -34 + (2 - -12) + -82.
-68
-71 + -7 + 1 + (-48 - -45) - -6
-74
What is 8 - ((-5 - 2) + 3 + 9 + -6 + -15)?
24
Calculate -4 + (1 + -8 - (-87 + 40 - -53)).
-17
Calculate 41 - 3 - (-17 + 45 + -35).
45
-386 + 476 + (-157 - -6)
-61
What is 32 - ((-5 - ((7 - 10) + 17)) + 10)?
41
Calculate (-4 - -1) + -2 - (-42 + 34 - -2) - 51.
-50
What is the value of -72 - (-27 + (48 - 56))?
-37
Evaluate 12 + 5 + 2 + (106 - 93).
32
What is the value of 32 + 18 + (-44 + -13 - -27)?
20
What is the value of 1 + 91 + 20 + 16 + -67 + 35?
96
What is the value of (2 - -1 - (-1 + -1)) + -5853 + 5843?
-5
(8 - 2) + (15 + -51 - -45)
15
What is the value of (-126 - -3) + -212 + 453?
118
Evaluate (51 - (-48 + (14 - -24) + 2 + -1)) + 6.
66
-39 + (221 + -91 - (-18 + 20))
89
Calculate (19 - 12 - -1) + 2 + -6 + (0 - -11).
15
Calculate 23 - ((-39 - -78) + -35).
19
Calculate 71 + -97 - (-77 - -14).
37
(-33 - -58) + 19 + -86
-42
What is (-23 - -37) + (7 - 16 - -10 - 74)?
-59
-101 - ((-87 - -79) + -60)
-33
Evaluate -74 + -46 + 98 + 25.
3
Calculate (-94 - -77) + -37 + 44.
-10
What is the value of 11 - (6 + -14 + 32 + 1 + 0 + 5)?
-19
What is (-5 - -2 - ((-8 - -1) + -19 + 18)) +